{"id":99,"date":"2016-10-12T20:42:08","date_gmt":"2016-10-12T19:42:08","guid":{"rendered":"http:\/\/tv-hasloch.de\/?page_id=99"},"modified":"2022-04-25T19:03:24","modified_gmt":"2022-04-25T18:03:24","slug":"aelteren-und-seniorensport","status":"publish","type":"page","link":"https:\/\/tv-hasloch.de\/?page_id=99","title":{"rendered":"Gemischte Seniorengymnastik"},"content":{"rendered":"\n<div style=\"height:40px\" aria-hidden=\"true\" class=\"wp-block-spacer\"><\/div>\n\n\n\n<p>Das Angebot richtet sich an Frauen und M\u00e4nner, die gerne auch im h\u00f6heren Lebensalter fit und beweglich bleiben m\u00f6chten. Wir bewegen uns im Stehen und im Sitzen. Dabei werden auch verschiedene Handger\u00e4te wie B\u00e4lle, B\u00e4nder und kleine Ringe eingesetzt.<\/p>\n\n\n\n<p><\/p>\n\n\n\n<p>Ziel ist es, den Bewegungsapparat sanft zu trainieren, um die Koordination, Mobilit\u00e4t und Motorik zu erhalten.<\/p>\n\n\n\n<div style=\"height:20px\" aria-hidden=\"true\" class=\"wp-block-spacer\"><\/div>\n\n\n\n<p>Trainingszeiten in der Haseltalhalle immer dienstags 15.00 Uhr &#8211; 16.30 Uhr.<\/p>\n","protected":false},"excerpt":{"rendered":"<p>Das Angebot richtet sich an Frauen und M\u00e4nner, die gerne auch im h\u00f6heren Lebensalter fit und beweglich bleiben m\u00f6chten. Wir bewegen uns im Stehen und im Sitzen. Dabei werden auch verschiedene Handger\u00e4te wie B\u00e4lle, B\u00e4nder und kleine Ringe eingesetzt. Ziel ist es, den Bewegungsapparat sanft zu trainieren, um die Koordination,\u2026 <a class=\"continue-reading-link\" href=\"https:\/\/tv-hasloch.de\/?page_id=99\">Continue reading<\/a><\/p>\n","protected":false},"author":2,"featured_media":0,"parent":12,"menu_order":0,"comment_status":"closed","ping_status":"closed","template":"","meta":{"footnotes":""},"class_list":["post-99","page","type-page","status-publish","hentry"],"_links":{"self":[{"href":"https:\/\/tv-hasloch.de\/index.php?rest_route=\/wp\/v2\/pages\/99","targetHints":{"allow":["GET"]}}],"collection":[{"href":"https:\/\/tv-hasloch.de\/index.php?rest_route=\/wp\/v2\/pages"}],"about":[{"href":"https:\/\/tv-hasloch.de\/index.php?rest_route=\/wp\/v2\/types\/page"}],"author":[{"embeddable":true,"href":"https:\/\/tv-hasloch.de\/index.php?rest_route=\/wp\/v2\/users\/2"}],"replies":[{"embeddable":true,"href":"https:\/\/tv-hasloch.de\/index.php?rest_route=%2Fwp%2Fv2%2Fcomments&post=99"}],"version-history":[{"count":17,"href":"https:\/\/tv-hasloch.de\/index.php?rest_route=\/wp\/v2\/pages\/99\/revisions"}],"predecessor-version":[{"id":1323,"href":"https:\/\/tv-hasloch.de\/index.php?rest_route=\/wp\/v2\/pages\/99\/revisions\/1323"}],"up":[{"embeddable":true,"href":"https:\/\/tv-hasloch.de\/index.php?rest_route=\/wp\/v2\/pages\/12"}],"wp:attachment":[{"href":"https:\/\/tv-hasloch.de\/index.php?rest_route=%2Fwp%2Fv2%2Fmedia&parent=99"}],"curies":[{"name":"wp","href":"https:\/\/api.w.org\/{rel}","templated":true}]}}

<div style="height:40px" aria-hidden="true" class="wp-block-spacer"></div>



<p>Das Angebot richtet sich an Frauen und Männer, die gerne auch im höheren Lebensalter fit und beweglich bleiben möchten. Wir bewegen uns im Stehen und im Sitzen. Dabei werden auch verschiedene Handgeräte wie Bälle, Bänder und kleine Ringe eingesetzt.</p>



<p></p>



<p>Ziel ist es, den Bewegungsapparat sanft zu trainieren, um die Koordination, Mobilität und Motorik zu erhalten.</p>



<div style="height:20px" aria-hidden="true" class="wp-block-spacer"></div>



<p>Trainingszeiten in der Haseltalhalle immer dienstags 15.00 Uhr &#8211; 16.30 Uhr.</p>

<p>Das Angebot richtet sich an Frauen und Männer, die gerne auch im höheren Lebensalter fit und beweglich bleiben möchten. Wir bewegen uns im Stehen und im Sitzen. Dabei werden auch verschiedene Handgeräte wie Bälle, Bänder und kleine Ringe eingesetzt. Ziel ist es, den Bewegungsapparat sanft zu trainieren, um die Koordination,… <a class="continue-reading-link" href="https://tv-hasloch.de/?page_id=99">Continue reading</a></p>
