{"id":748,"date":"2017-11-13T21:03:50","date_gmt":"2017-11-13T19:03:50","guid":{"rendered":"http:\/\/tv-hasloch.de\/?page_id=748"},"modified":"2017-11-13T21:10:01","modified_gmt":"2017-11-13T19:10:01","slug":"mitgliederversammlung-2017","status":"publish","type":"page","link":"https:\/\/tv-hasloch.de\/?page_id=748","title":{"rendered":"Mitgliederversammlung 2017"},"content":{"rendered":"<p>&nbsp;<\/p>\n<p>Am 05.11.2017 fand im Feuerwehrhaus in Hasloch die Mitgliederversammlung des TV Hasloch Gut Heil von 1903 e.V. statt. Neben Berichten der Vereinsleitung \u00fcber das vergangene Jahr wurden die anstehenden Neuwahlen durchgef\u00fchrt.<\/p>\n<p>Der Vorsitzende-Verwaltung Hans-J\u00fcrgen K\u00e4mmer begr\u00fc\u00dfte die Teilnehmerinnen und Teilnehmer recht herzlich und stellte die Beschlussf\u00e4higkeit der Mitgliederversammlung f\u00fcr die anstehenden Neuwahlen fest. Anschlie\u00dfend erhoben sich die Anwesenden zum Gedenken an die im vergangenen Jahr verstorbenen Mitglieder. In seinem Bericht \u00fcber den Bereich Verwaltung f\u00fchrte er aus, dass im Turnverein derzeit 580 Mitglieder gemeldet sind. Die verschiedenen sportlichen Gruppen des Turnvereins werden von fast 50 \u00dcbungsleitern betreut.<\/p>\n<p>&nbsp;<\/p>\n<p><img fetchpriority=\"high\" decoding=\"async\" class=\"aligncenter wp-image-752\" src=\"http:\/\/tv-hasloch.de\/wp-content\/uploads\/2017\/11\/2017_Mitgliederversammlung-2-1024x624.png\" alt=\"\" width=\"400\" height=\"244\" srcset=\"https:\/\/tv-hasloch.de\/wp-content\/uploads\/2017\/11\/2017_Mitgliederversammlung-2-1024x624.png 1024w, https:\/\/tv-hasloch.de\/wp-content\/uploads\/2017\/11\/2017_Mitgliederversammlung-2-300x183.png 300w, https:\/\/tv-hasloch.de\/wp-content\/uploads\/2017\/11\/2017_Mitgliederversammlung-2-768x468.png 768w, https:\/\/tv-hasloch.de\/wp-content\/uploads\/2017\/11\/2017_Mitgliederversammlung-2-246x150.png 246w, https:\/\/tv-hasloch.de\/wp-content\/uploads\/2017\/11\/2017_Mitgliederversammlung-2-150x91.png 150w, https:\/\/tv-hasloch.de\/wp-content\/uploads\/2017\/11\/2017_Mitgliederversammlung-2.png 1772w\" sizes=\"(max-width: 400px) 100vw, 400px\" \/><\/p>\n<p>&nbsp;<\/p>\n<p>Danach berichteten die weiteren Vorsitzenden \u00fcber die Aktivit\u00e4ten des TVH im Jahr 2017.<\/p>\n<p>Christiane Versch als Vorstand f\u00fcr den Bereich \u00d6ffentlichkeitsarbeit zust\u00e4ndig, informierte, dass im Laufe des Jahres 2017 die Berichte \u00fcber die sportlichen Erfolge, aber auch \u00fcber die kulturellen Aktivit\u00e4ten des TVH \u00fcber die Internetplattform \u2018Unser Echo`, ver\u00f6ffentlicht werden konnten. Die Zeitungsberichte und entsprechende Fotos etc. wurden auch in den Schauk\u00e4sten ausgeh\u00e4ngt und auf der Homepage des TVH ver\u00f6ffentlicht.<\/p>\n<p>Im Bereich \u00d6ffentlichkeitsarbeit stand in diesem Jahr das Gaukinderturnfest des Turngau Main-Spessart im Mittelpunkt. F\u00fcr die Finanzierung des Gaukinderturnfestes wurde das erste Mal ein Konzept des projektbezogenen Sponsorings erfolgreich umgesetzt. Daf\u00fcr konnten man zahlreiche Firmen aus Hasloch und Umgebung gewinnen.<\/p>\n<p>Die Vorsitzende-Wirtschaft Susanne Versch berichtete \u00fcber die erwirtschafteten finanziellen Ergebnisse der Veranstaltungen des vergangenen Jahres. Das Sommerfest und auch das Gaukinderturnfest konnten als gro\u00dfen Erfolg bezeichnet werden. Susanne Versch dankte allen Mitglieder des Wirtschaftsausschu\u00dfes und den zahlreichen ehrenamtlichen Helfern f\u00fcr ihre tatkr\u00e4ftige Mithilfe bei allen Veranstaltungen. Insbesondere das Gaukinderturnfest, als fast 500 Kinder in Hasloch zu Besuch waren, stellte eine gro\u00dfe Herausforderung an die gesamte ehrenamtliche Organisation des TVH und die zahlreichen Helfer, dar. Am 09. Dezember findet die diesj\u00e4hrige Weihnachtsfeier statt und f\u00fcr den 20.01.2018 ist der Faschingsturnerball geplant.<\/p>\n<p>Der Vorstand \u2013Sport J\u00fcrgen Dosch stellte die sportlichen Erfolge des TVHasloch in den Abteilungen Turnen, Tanz und Gymnastik, Volleyball und Tennis mithilfe einer Power Point Pr\u00e4sentation dar. In der Abteilung Tanz und Gymnastik unter der Leitung von Karin Graf gibt es acht verschiedene Gruppen in allen Altersklassen. Fast alle Turn-, Tanz-und Gymnastikgruppen beteiligten sich mit Auff\u00fchrungen an der Weihnachtsfeier und am Sommerfest. Bernd Koch leitet aktuell die Abteilung Turnen mit derzeit elf Gruppen in den verschiedensten Altersklassen. Die besonderen sportlichen H\u00f6hepunkte waren 2017 die Teilnahme der Turnermannschaft Aktive 18+ am bayerischen Landesentscheid, die Beteiligung an den Wettk\u00e4mpfen am Deutschen Turnfest in Berlin, die Ausrichtung des Gaukinderturnfestes des Turngau Main Spessart durch den TV Hasloch und die Vereinsmeisterschaften.<\/p>\n<p>Die Abteilung Volleyball, in Form einer aktiven Herrenmannschaft, wird gef\u00fchrt von Gernot Versch. In der Abteilung Tennis unter der Leitung von Andreas B\u00f6kle nehmen derzeit drei Herrenmannschaften erfolgreich an der Medenrunde teil.<\/p>\n<p>Die Kassenpr\u00fcfer Erich Dressler und Dieter Koch bescheinigten eine einwandfreie Kassenf\u00fchrung. so dass die einstimmige Entlastung der Kassiererin Verena Wei\u00df durch die Mitgliederversammlung eine reine Formsache war.<\/p>\n<p>Bei der Vereinsleitung war fristgerecht ein Antrag auf die Ernennung von Hans-J\u00fcrgen K\u00e4mmer zum Ehrenmitglied eingegangen. Hans-J\u00fcrgen K\u00e4mmer wurde wegen seiner langj\u00e4hrigen und herausragenden Verdienste um den TV Hasloch von der Mitgliederversammlung zum Ehrenmitglied ernannt. Insgesamt war er 20Jahre als 1.Vorstand und als Vorstand \u2013Verwaltung in der Vereinsspitze t\u00e4tig. Weitere vier Jahre war er im Wirtschaftsausschu\u00df t\u00e4tig gewesen. Die Mitgliederversammlung stimmte dem Antrag einstimmig zu und applaudierte dem neuen Ehrenmitglied nach Abschluss der Wahl.<\/p>\n<p>Nach der Entlastung des Vorstands folgten die Neuwahlen des kompletten Vorstandes und des erweiterten Vorstandes. Die Wahl wurde vom Wahlausschuss, B\u00fcrgermeister Karl-Heinz Sch\u00f6ffer und den Gemeinder\u00e4ten Gerhard R\u00fcster und Frank Wei\u00df durchgef\u00fchrt. Alle Wahlen erfolgten einstimmig.<\/p>\n<p>Nach insgesamt 20 Jahren als 1. Vorsitzender bzw. als Vorstand Verwaltung kandidierte Hans-J\u00fcrgen K\u00e4mmer nicht mehr f\u00fcr den Posten des Vorstand-Verwaltung. Kathrin Trabold wurde als seine Nachfolgerin in diesem Amt best\u00e4tigt. Susanne Versch stellte sich ebenfalls nicht mehr zur Wiederwahl als Vorsitzende-Wirtschaft, fand jedoch in Susanne Hollensteiner eine erfahrene Nachfolgerin. Auch die langj\u00e4hrige Abteilungsleiterin f\u00fcr Tanz und Gymnastik Karin Graf stand aus pers\u00f6nlichen Gr\u00fcnden f\u00fcr diesen Posten nicht mehr zur Verf\u00fcgung und wurde von Isabell St\u00f6rmer abgel\u00f6st. Auch, Schriftf\u00fchrerin: Verena Finger; \u00dcbungsleiter f\u00fcr Kleine M\u00e4dchen und Buben: Jasmin und Timo Hartmann, Mitarbeiter Verwaltung: Dominik Hofmann, Mitarbeiter Wirtschaftsausschu\u00df: Christian Wagner und Kassenpr\u00fcferin: Michaela Mattern standen nicht mehr zur Wahl bzw. legten ihr Amt nieder.<\/p>\n<p>Folgende Ehren\u00e4mter wurden durch die Mitgliederversammlung einstimmig best\u00e4tigt. Vorsitzender-Sport: J\u00fcrgen, Dosch, Vorsitzende-\u00d6ffentlichkeitsarbeit: Christiane Versch, Schriftf\u00fchrer: Norbert Tretter, Schatzmeisterin: Verena Wei\u00df, Abteilungsleiterin Tanz und Gymnastik: Isabell St\u00f6rmer, Abteilungsleiter Turnen: Bernd Koch, Abteilungsleiter Volleyball: Gernot Versch, Wirtschaftsausschu\u00df: Anke Hirsch, Isabell Scheurich, Monika Hilf, Sabrina Werner, Simone Patzelt, Susanne Versch, Mitarbeiter Verwaltung: Robin Hirsch, Frank Hollensteiner, Kassenpr\u00fcfer: Erich Dressler, Dieter Koch.<\/p>\n<p>Hans-J\u00fcrgen K\u00e4mmer dankte in seinen abschlie\u00dfenden Worten allen sehr herzlich f\u00fcr die Unterst\u00fctzung in den 20 Jahren seiner T\u00e4tigkeit als Vorstand bzw. Vorsitzender Verwaltung einen besonderen Dank galt seiner Ehefrau, die seine Arbeit f\u00fcr den Verein immer mitgetragen hatte.<\/p>\n<p>Mit einem herzlichen Dankesch\u00f6n schloss der scheidende Vorsitzende-Verwaltung die harmonisch verlaufene Versammlung ab und w\u00fcnschte allen eine guten Nachhauseweg.<\/p>\n<p>&nbsp;<\/p>\n<p><img decoding=\"async\" class=\"aligncenter wp-image-753\" src=\"http:\/\/tv-hasloch.de\/wp-content\/uploads\/2017\/11\/2017_Mitgliederversammlung-1-1024x548.png\" alt=\"\" width=\"400\" height=\"214\" srcset=\"https:\/\/tv-hasloch.de\/wp-content\/uploads\/2017\/11\/2017_Mitgliederversammlung-1-1024x548.png 1024w, https:\/\/tv-hasloch.de\/wp-content\/uploads\/2017\/11\/2017_Mitgliederversammlung-1-300x160.png 300w, https:\/\/tv-hasloch.de\/wp-content\/uploads\/2017\/11\/2017_Mitgliederversammlung-1-768x411.png 768w, https:\/\/tv-hasloch.de\/wp-content\/uploads\/2017\/11\/2017_Mitgliederversammlung-1-250x134.png 250w, https:\/\/tv-hasloch.de\/wp-content\/uploads\/2017\/11\/2017_Mitgliederversammlung-1-150x80.png 150w, https:\/\/tv-hasloch.de\/wp-content\/uploads\/2017\/11\/2017_Mitgliederversammlung-1.png 1920w\" sizes=\"(max-width: 400px) 100vw, 400px\" \/><\/p>\n","protected":false},"excerpt":{"rendered":"<p>&nbsp; Am 05.11.2017 fand im Feuerwehrhaus in Hasloch die Mitgliederversammlung des TV Hasloch Gut Heil von 1903 e.V. statt. Neben Berichten der Vereinsleitung \u00fcber das vergangene Jahr wurden die anstehenden Neuwahlen durchgef\u00fchrt. Der Vorsitzende-Verwaltung Hans-J\u00fcrgen K\u00e4mmer begr\u00fc\u00dfte die Teilnehmerinnen und Teilnehmer recht herzlich und stellte die Beschlussf\u00e4higkeit der Mitgliederversammlung f\u00fcr\u2026 <a class=\"continue-reading-link\" href=\"https:\/\/tv-hasloch.de\/?page_id=748\">Continue reading<\/a><\/p>\n","protected":false},"author":1,"featured_media":0,"parent":32,"menu_order":7,"comment_status":"closed","ping_status":"closed","template":"templates\/template-twocolumns-right.php","meta":{"footnotes":""},"class_list":["post-748","page","type-page","status-publish","hentry"],"_links":{"self":[{"href":"https:\/\/tv-hasloch.de\/index.php?rest_route=\/wp\/v2\/pages\/748","targetHints":{"allow":["GET"]}}],"collection":[{"href":"https:\/\/tv-hasloch.de\/index.php?rest_route=\/wp\/v2\/pages"}],"about":[{"href":"https:\/\/tv-hasloch.de\/index.php?rest_route=\/wp\/v2\/types\/page"}],"author":[{"embeddable":true,"href":"https:\/\/tv-hasloch.de\/index.php?rest_route=\/wp\/v2\/users\/1"}],"replies":[{"embeddable":true,"href":"https:\/\/tv-hasloch.de\/index.php?rest_route=%2Fwp%2Fv2%2Fcomments&post=748"}],"version-history":[{"count":4,"href":"https:\/\/tv-hasloch.de\/index.php?rest_route=\/wp\/v2\/pages\/748\/revisions"}],"predecessor-version":[{"id":754,"href":"https:\/\/tv-hasloch.de\/index.php?rest_route=\/wp\/v2\/pages\/748\/revisions\/754"}],"up":[{"embeddable":true,"href":"https:\/\/tv-hasloch.de\/index.php?rest_route=\/wp\/v2\/pages\/32"}],"wp:attachment":[{"href":"https:\/\/tv-hasloch.de\/index.php?rest_route=%2Fwp%2Fv2%2Fmedia&parent=748"}],"curies":[{"name":"wp","href":"https:\/\/api.w.org\/{rel}","templated":true}]}}