{"id":50,"date":"2016-09-08T10:48:03","date_gmt":"2016-09-08T10:48:03","guid":{"rendered":"http:\/\/tv-hasloch.de\/?page_id=50"},"modified":"2025-08-13T15:47:28","modified_gmt":"2025-08-13T14:47:28","slug":"haseltalhalle","status":"publish","type":"page","link":"https:\/\/tv-hasloch.de\/?page_id=50","title":{"rendered":"Haseltalhalle"},"content":{"rendered":"\n<p class=\"has-medium-font-size\"><strong>Trainingsstunden Stand: November \/ 2024<\/strong><\/p>\n\n\n\n<p><\/p>\n\n\n\n<div class=\"wp-block-group\"><div class=\"wp-block-group__inner-container is-layout-flow wp-block-group-is-layout-flow\">\n<figure class=\"wp-block-table is-style-stripes\" style=\"font-size:15px\"><table class=\"has-fixed-layout\"><tbody><tr><td><strong>Montag<\/strong><\/td><td><\/td><td><\/td><\/tr><tr><td>15.30-17.00 Uhr<\/td><td>Eltern-Kind-Turnen<\/td><td>Tina Versch, Alexandra Saur<\/td><\/tr><tr><td>17.15-18.30 Uhr<\/td><td>Grundschulung weibl. \/ m\u00e4nnl. f\u00fcr Ger\u00e4tturnen<\/td><td>Bernd Koch, Karina Linke<\/td><\/tr><tr><td>18.30-20.00 Uhr<\/td><td>Volleyball Jugend<\/td><td>Lukas Petermann<br>Gernot Versch<\/td><\/tr><tr><td>20.00-21.30 Uhr<\/td><td>Volleyball Herren<\/td><td>Lukas Petermann<br>Gernot Versch<\/td><\/tr><\/tbody><\/table><\/figure>\n\n\n\n<p><\/p>\n\n\n\n<figure class=\"wp-block-table is-style-stripes\" style=\"font-size:15px\"><table class=\"has-fixed-layout\"><tbody><tr><td><strong>Dienstag<\/strong><\/td><td><\/td><td><\/td><\/tr><tr><td>15.00-16.30 Uhr<\/td><td>Seniorensport<\/td><td>Helga Koch<\/td><\/tr><tr><td>17.30-19.00 Uhr<\/td><td>Leistungsturnen weibl. Jugend F,E und D (6- 11 Jahre)<\/td><td>Mona Kirchner<br>Patricia Trabold<br>J\u00fcrgen Dosch<\/td><\/tr><tr><td>17.30-19.00 Uhr<\/td><td>Leistungsturnen m\u00e4nnl. Jugend F, E<br>und D (6- 11 Jahre)<\/td><td>Bernd Koch<br>Jonas Roos<\/td><\/tr><tr><td>19.00-20.30 Uhr<\/td><td>Leistungsturnen m\u00e4nnl. Jugend C, A\/B und Aktive (12- \u2026.Jahre)<\/td><td>Frank Wei\u00df<br>Bernd Koch<\/td><\/tr><tr><td>19.00-20.30 Uhr<\/td><td>Leistungsturnen weibl. Jugend C, A\/B<br>und Aktive (12- \u2026.Jahre)<\/td><td>J\u00fcrgen Dosch<br>Patricia Trabold<br>Mona Kirchner<\/td><\/tr><tr><td>20.30-22.00 Uhr<\/td><td>M\u00e4nnerturnen \u00dc30<\/td><td>Bernd Koch<br>Frank Wei\u00df<\/td><\/tr><\/tbody><\/table><\/figure>\n<\/div><\/div>\n\n\n\n<p><\/p>\n\n\n\n<figure class=\"wp-block-table is-style-stripes\" style=\"font-size:15px\"><table class=\"has-fixed-layout\"><tbody><tr><td><strong>Mittwoch<\/strong><\/td><td><\/td><td><\/td><\/tr><tr><td>15.00-16.00 Uhr<\/td><td>Breitensport Turnen weiblich<\/td><td>Monika Sch\u00fcler<\/td><\/tr><tr><td>15.45-17.15 Uhr<\/td><td>Breitensport Turnen weiblich<\/td><td>Monika Sch\u00fcler<br>Stefanie Enders<br>Sabine D\u00fcrbeck<br>Alexandra Ott<br>Lisa Enders<\/td><\/tr><tr><td>17.30-19.00 Uhr<\/td><td>Breitensport Turnen m\u00e4nnlich<\/td><td>Florian Geyer<br>Michael Wimmi<br>Jakob Werner<\/td><\/tr><tr><td>19.30-21.00 Uhr<\/td><td>Gymnastikgruppe<\/td><td>Karin Graf<br>Nicole Gill-M\u00fcssig<\/td><\/tr><\/tbody><\/table><\/figure>\n\n\n\n<p><\/p>\n\n\n\n<figure class=\"wp-block-table is-style-stripes\" style=\"font-size:15px\"><table class=\"has-fixed-layout\"><tbody><tr><td><strong>Donnerstag<\/strong><\/td><td><\/td><td><\/td><\/tr><tr><td>16:00-17:30 Uhr<\/td><td>Turnen kleine M\u00e4dchen u. Buben<\/td><td>Helga Koch<br>Nora M\u00fcssig<\/td><\/tr><tr><td>17:30-19.00 Uhr<\/td><td>Leistungsturnen m\u00e4nnl, Jugend F, E,<br>und D (6-12 Jahre)<\/td><td>Robin Hirsch<br>J\u00fcrgen Dosch<br>Katharina Veit<\/td><\/tr><tr><td>17.30-19.00 Uhr<\/td><td>Leistungsturnen weibl. Jugend F,E und D (6- 12 Jahre)<\/td><td>Anna-Lena Haarmann<br>Mona Kirchner<br>Sonja Simon<\/td><\/tr><tr><td>19.00-20.30 Uhr<\/td><td>Leistungsturnen weibl. Jugend C, A\/B<br>und Aktive (12- \u2026 Jahre)<\/td><td>Sonja Simon<br>J\u00fcrgen Dosch<\/td><\/tr><tr><td>19.00-20.30 Uhr<\/td><td>Leistungsturnen m\u00e4nnl. Jugend C, A\/B und Aktive (12- \u2026 Jahre)<\/td><td>Robin Hirsch<\/td><\/tr><\/tbody><\/table><\/figure>\n\n\n\n<p><\/p>\n\n\n\n<figure class=\"wp-block-table is-style-stripes\" style=\"font-size:15px\"><table class=\"has-fixed-layout\"><tbody><tr><td><strong>Freitag<\/strong><\/td><td><\/td><td><\/td><\/tr><tr><td>14.30-16.30 Uhr<\/td><td>Tennis Jugendtraining weiblich \/ m\u00e4nnlich<\/td><td>Kai Greulich<br><strong>(01.11.2024 \u2013 30.04.2025)<\/strong><\/td><\/tr><tr><td>16.30-18.30 Uhr<\/td><td>Leistungsturnen Gemischte Riege<\/td><td>J\u00fcrgen Dosch<\/td><\/tr><tr><td>19.00-21.00 Uhr<\/td><td>Volleyball Herren<\/td><td>Lukas Petermann<br>Gernot Versch<\/td><\/tr><\/tbody><\/table><\/figure>\n\n\n\n<p><\/p>\n","protected":false},"excerpt":{"rendered":"<p>Trainingsstunden Stand: November \/ 2024 Montag 15.30-17.00 Uhr Eltern-Kind-Turnen Tina Versch, Alexandra Saur 17.15-18.30 Uhr Grundschulung weibl. \/ m\u00e4nnl. f\u00fcr Ger\u00e4tturnen Bernd Koch, Karina Linke 18.30-20.00 Uhr Volleyball Jugend Lukas PetermannGernot Versch 20.00-21.30 Uhr Volleyball Herren Lukas PetermannGernot Versch Dienstag 15.00-16.30 Uhr Seniorensport Helga Koch 17.30-19.00 Uhr Leistungsturnen weibl. Jugend\u2026 <a class=\"continue-reading-link\" href=\"https:\/\/tv-hasloch.de\/?page_id=50\">Continue reading<\/a><\/p>\n","protected":false},"author":1,"featured_media":0,"parent":48,"menu_order":1,"comment_status":"closed","ping_status":"closed","template":"templates\/template-twocolumns-right.php","meta":{"footnotes":""},"class_list":["post-50","page","type-page","status-publish","hentry"],"_links":{"self":[{"href":"https:\/\/tv-hasloch.de\/index.php?rest_route=\/wp\/v2\/pages\/50","targetHints":{"allow":["GET"]}}],"collection":[{"href":"https:\/\/tv-hasloch.de\/index.php?rest_route=\/wp\/v2\/pages"}],"about":[{"href":"https:\/\/tv-hasloch.de\/index.php?rest_route=\/wp\/v2\/types\/page"}],"author":[{"embeddable":true,"href":"https:\/\/tv-hasloch.de\/index.php?rest_route=\/wp\/v2\/users\/1"}],"replies":[{"embeddable":true,"href":"https:\/\/tv-hasloch.de\/index.php?rest_route=%2Fwp%2Fv2%2Fcomments&post=50"}],"version-history":[{"count":32,"href":"https:\/\/tv-hasloch.de\/index.php?rest_route=\/wp\/v2\/pages\/50\/revisions"}],"predecessor-version":[{"id":1892,"href":"https:\/\/tv-hasloch.de\/index.php?rest_route=\/wp\/v2\/pages\/50\/revisions\/1892"}],"up":[{"embeddable":true,"href":"https:\/\/tv-hasloch.de\/index.php?rest_route=\/wp\/v2\/pages\/48"}],"wp:attachment":[{"href":"https:\/\/tv-hasloch.de\/index.php?rest_route=%2Fwp%2Fv2%2Fmedia&parent=50"}],"curies":[{"name":"wp","href":"https:\/\/api.w.org\/{rel}","templated":true}]}}

<p class="has-medium-font-size"><strong>Trainingsstunden Stand: November / 2024</strong></p>



<p></p>



<div class="wp-block-group"><div class="wp-block-group__inner-container is-layout-flow wp-block-group-is-layout-flow">
<figure class="wp-block-table is-style-stripes" style="font-size:15px"><table class="has-fixed-layout"><tbody><tr><td><strong>Montag</strong></td><td></td><td></td></tr><tr><td>15.30-17.00 Uhr</td><td>Eltern-Kind-Turnen</td><td>Tina Versch, Alexandra Saur</td></tr><tr><td>17.15-18.30 Uhr</td><td>Grundschulung weibl. / männl. für Gerätturnen</td><td>Bernd Koch, Karina Linke</td></tr><tr><td>18.30-20.00 Uhr</td><td>Volleyball Jugend</td><td>Lukas Petermann<br>Gernot Versch</td></tr><tr><td>20.00-21.30 Uhr</td><td>Volleyball Herren</td><td>Lukas Petermann<br>Gernot Versch</td></tr></tbody></table></figure>



<p></p>



<figure class="wp-block-table is-style-stripes" style="font-size:15px"><table class="has-fixed-layout"><tbody><tr><td><strong>Dienstag</strong></td><td></td><td></td></tr><tr><td>15.00-16.30 Uhr</td><td>Seniorensport</td><td>Helga Koch</td></tr><tr><td>17.30-19.00 Uhr</td><td>Leistungsturnen weibl. Jugend F,E und D (6- 11 Jahre)</td><td>Mona Kirchner<br>Patricia Trabold<br>Jürgen Dosch</td></tr><tr><td>17.30-19.00 Uhr</td><td>Leistungsturnen männl. Jugend F, E<br>und D (6- 11 Jahre)</td><td>Bernd Koch<br>Jonas Roos</td></tr><tr><td>19.00-20.30 Uhr</td><td>Leistungsturnen männl. Jugend C, A/B und Aktive (12- ….Jahre)</td><td>Frank Weiß<br>Bernd Koch</td></tr><tr><td>19.00-20.30 Uhr</td><td>Leistungsturnen weibl. Jugend C, A/B<br>und Aktive (12- ….Jahre)</td><td>Jürgen Dosch<br>Patricia Trabold<br>Mona Kirchner</td></tr><tr><td>20.30-22.00 Uhr</td><td>Männerturnen Ü30</td><td>Bernd Koch<br>Frank Weiß</td></tr></tbody></table></figure>
</div></div>



<p></p>



<figure class="wp-block-table is-style-stripes" style="font-size:15px"><table class="has-fixed-layout"><tbody><tr><td><strong>Mittwoch</strong></td><td></td><td></td></tr><tr><td>15.00-16.00 Uhr</td><td>Breitensport Turnen weiblich</td><td>Monika Schüler</td></tr><tr><td>15.45-17.15 Uhr</td><td>Breitensport Turnen weiblich</td><td>Monika Schüler<br>Stefanie Enders<br>Sabine Dürbeck<br>Alexandra Ott<br>Lisa Enders</td></tr><tr><td>17.30-19.00 Uhr</td><td>Breitensport Turnen männlich</td><td>Florian Geyer<br>Michael Wimmi<br>Jakob Werner</td></tr><tr><td>19.30-21.00 Uhr</td><td>Gymnastikgruppe</td><td>Karin Graf<br>Nicole Gill-Müssig</td></tr></tbody></table></figure>



<p></p>



<figure class="wp-block-table is-style-stripes" style="font-size:15px"><table class="has-fixed-layout"><tbody><tr><td><strong>Donnerstag</strong></td><td></td><td></td></tr><tr><td>16:00-17:30 Uhr</td><td>Turnen kleine Mädchen u. Buben</td><td>Helga Koch<br>Nora Müssig</td></tr><tr><td>17:30-19.00 Uhr</td><td>Leistungsturnen männl, Jugend F, E,<br>und D (6-12 Jahre)</td><td>Robin Hirsch<br>Jürgen Dosch<br>Katharina Veit</td></tr><tr><td>17.30-19.00 Uhr</td><td>Leistungsturnen weibl. Jugend F,E und D (6- 12 Jahre)</td><td>Anna-Lena Haarmann<br>Mona Kirchner<br>Sonja Simon</td></tr><tr><td>19.00-20.30 Uhr</td><td>Leistungsturnen weibl. Jugend C, A/B<br>und Aktive (12- … Jahre)</td><td>Sonja Simon<br>Jürgen Dosch</td></tr><tr><td>19.00-20.30 Uhr</td><td>Leistungsturnen männl. Jugend C, A/B und Aktive (12- … Jahre)</td><td>Robin Hirsch</td></tr></tbody></table></figure>



<p></p>



<figure class="wp-block-table is-style-stripes" style="font-size:15px"><table class="has-fixed-layout"><tbody><tr><td><strong>Freitag</strong></td><td></td><td></td></tr><tr><td>14.30-16.30 Uhr</td><td>Tennis Jugendtraining weiblich / männlich</td><td>Kai Greulich<br><strong>(01.11.2024 – 30.04.2025)</strong></td></tr><tr><td>16.30-18.30 Uhr</td><td>Leistungsturnen Gemischte Riege</td><td>Jürgen Dosch</td></tr><tr><td>19.00-21.00 Uhr</td><td>Volleyball Herren</td><td>Lukas Petermann<br>Gernot Versch</td></tr></tbody></table></figure>



<p></p>

<p>Trainingsstunden Stand: November / 2024 Montag 15.30-17.00 Uhr Eltern-Kind-Turnen Tina Versch, Alexandra Saur 17.15-18.30 Uhr Grundschulung weibl. / männl. für Gerätturnen Bernd Koch, Karina Linke 18.30-20.00 Uhr Volleyball Jugend Lukas PetermannGernot Versch 20.00-21.30 Uhr Volleyball Herren Lukas PetermannGernot Versch Dienstag 15.00-16.30 Uhr Seniorensport Helga Koch 17.30-19.00 Uhr Leistungsturnen weibl. Jugend… <a class="continue-reading-link" href="https://tv-hasloch.de/?page_id=50">Continue reading</a></p>
