{"id":484,"date":"2017-04-01T14:08:58","date_gmt":"2017-04-01T12:08:58","guid":{"rendered":"http:\/\/tv-hasloch.de\/?page_id=484"},"modified":"2017-04-01T14:10:25","modified_gmt":"2017-04-01T12:10:25","slug":"1903-1933","status":"publish","type":"page","link":"https:\/\/tv-hasloch.de\/?page_id=484","title":{"rendered":"1903 &#8211; 1933"},"content":{"rendered":"<p>&nbsp;<\/p>\n<p><strong>Die Gr\u00fcndung und die ersten Jahre<\/strong><\/p>\n<p>&nbsp;<\/p>\n<p>Zur Gr\u00fcndung des Turnvereines in Hasloch kam es im Winter 1903. Der Angestellte der jungen und aufstrebenden Pulverfabrik Hasloch, H u g o\u00a0 F u s s war ein Freund des Turnens. Er war es, der die Jugend des Dorfes zur Gr\u00fcndungsversammlung zusammenrief, bei welcher der \u201eTurnverein Gut Heil Hasloch\u201c aus der Taufe gehoben wurde.<\/p>\n<p>In dieser Versammlung wurde Hugo Fuss als Vereinsvorstand gew\u00e4hlt. Das Amt des Turnwartes vertraute man Karl Mattern an. Des Weiteren sind heute noch die Namen von mindestens 14 weiteren Gr\u00fcndungsmitgliedern bekannt.<\/p>\n<p>Die rechtliche Grundlage f\u00fcr das Vereinsleben bildete die Satzung vom 7. M\u00e4rz 1903.<\/p>\n<p>Zum Vereins- und Turnlokal wurde das \u201eGasthaus zur Krone\u201c. Als Sommerturnplatz bestimmte man den zugeh\u00f6rigen, sogenannten \u201eKronewirtsgarten\u201c. Dieser lag in \u00f6stlicher Richtung vom Wirtshaus, in den heutigen \u201eKrautg\u00e4rten\u201c.<\/p>\n<p>&nbsp;<\/p>\n<p>Die willige Schar begann alsbald mit der Turnarbeit. Man schaffte sich nach und nach aus eigener Finanzkraft die ben\u00f6tigten Turnger\u00e4te an und richtete den Turnplatz her.<\/p>\n<p>Die ersten \u201eGer\u00e4te\u201c waren Gusseiserne Hanteln und Kugeln, welche im Eisenwerk Kurz selbst gefertigt wurden. Nach und nach wurden auch ein Reck, Schweberinge sowie ein Barren angeschafft.<\/p>\n<p>Der Vereinsbeitrag belief sich zu Beginn auf 20 Pfennige pro Monat. Weitere Einnahmen kamen durch freiwillige Spenden oder Theaterabende zusammen.<\/p>\n<p>&nbsp;<\/p>\n<p>Doch knappe Geldmittel waren nicht die einzigen Schwierigkeiten mit denen die Turner zu k\u00e4mpfen hatten. Man musste sich auch gegen viele Kritiker aus der \u00e4lteren Generation durchsetzen \u2013 es galt Ansehen im Ort zu gewinnen.<\/p>\n<p>Die Turner veranstalteten Vorf\u00fchrungen f\u00fcr die Dorfbewohner und zeichneten die besten Leistungen aus.<\/p>\n<p>Der Turnbetrieb erstreckte sich \u00fcblicherweise auf Stemmen, Gewichtheben, Reckturnen, Hoch- und Weitsprung und Pyramidenbauen.<\/p>\n<p>&nbsp;<\/p>\n<p><strong>1912-1918<\/strong><\/p>\n<p>&nbsp;<\/p>\n<p>Nachdem Hugo Fuss 1912 aus beruflichen Gr\u00fcnden nach W\u00fcrzburg \u00fcbersiedelte,<\/p>\n<p>w\u00e4hlten die Vereinsmitglieder im Jahre 1912 eine neue Vorstandschaft.<\/p>\n<p>Erster Vorstand wurde nun Michael Dosch.<\/p>\n<p>In dieser Zeit wurde das Repertoire um Schauturnen, Blitzstab\u00fcbungen nach Musik, Wetturnen mit Preisen so wie Reigen usw. erweitert.<\/p>\n<p>Au\u00dferdem beteiligten sich die Haslocher nun an Turnfesten, die haupts\u00e4chlich im Aschaffenburger Raum stattfanden.<\/p>\n<p>Mitten in diese bl\u00fchende Vereinsarbeit platzte im August 1914 der Ausbruch des ersten Weltkrieges.<\/p>\n<p>&nbsp;<\/p>\n<p>Da viele Turner zur Armee eingezogen wurden, stockte nun das Vereinsleben und kam im weiteren Verlauf des Krieges vollends zum erliegen.<\/p>\n<p>&nbsp;<\/p>\n<p><strong>1919-1925<\/strong><\/p>\n<p>&nbsp;<\/p>\n<p>Nach dem Ende des Krieges musste ein weiteres Mal Aufbauarbeit geleistet werden.<\/p>\n<p>Am 19. Februar 1919 w\u00e4hlte die Vereinsversammlung erneut Michael Dosch zum ersten Vorsitzenden.<\/p>\n<p>Nur langsam lief die Turnarbeit wieder an. Der Verdruss der Mitglieder dar\u00fcber f\u00fchrte dazu, dass schon ein Jahr sp\u00e4ter, bei der Generalversammlung am 11. Januar 1920 eine fast vollst\u00e4ndig neue Vorstandschaft gew\u00e4hlt wurde.<\/p>\n<p>Vorsitzender wurde nun Johann Dell und die Gastwirtschaft \u201eZu den drei Hasen\u201c wurde zum neuen Vereinslokal bestimmt.<\/p>\n<p>Man begann nun zu Anfang der zwanziger Jahre wieder Lehrg\u00e4nge, Wettk\u00e4mpfe und Turnfeste zu besuchen. Au\u00dferdem entstand um 1924 im Turnverein eine Wanderkapelle.<\/p>\n<p>Bis ins Jahr 1924 wurde eine Scheune in der Faulbacher Stra\u00dfe f\u00fcr die Turn\u00fcbungen genutzt. Nachdem diese leider abbrannte, nutzte der Verein bis in die drei\u00dfiger Jahre hinein das neue Postgeb\u00e4ude.<\/p>\n<p>&nbsp;<\/p>\n<p><strong>1926-1933<\/strong><\/p>\n<p>&nbsp;<\/p>\n<p>Der eigentliche Aufschwung zu besonders ernster Arbeit und vielen Erfolgen begann im Jahre 1926 unter F\u00fchrung des neugew\u00e4hlten Vorstandes Franz Hellmann. Es\u00a0 wurden die Turnwarte Hans Fertig, Jakob Sch\u00f6ffer und Karl Wiegand ausgebildet.<\/p>\n<p>Die Fr\u00fcchte dieser ernsten Turnarbeit konnten noch im Jahre 1926 geerntet werden.<\/p>\n<p>Bei Wettk\u00e4mpfen in Stadtprozelten, Dorfprozelten, Eichenb\u00fchl und Hofstetten konnten respektable Platzierungen erreicht werden. Au\u00dferdem wurde Schwimmen als neue Sportart aufgenommen.<\/p>\n<p>&nbsp;<\/p>\n<p>Im\u00a0 Jahr darauf beteiligte man sich an den Turnfesten in Wertheim und M\u00f6mlingen. Beim Gauturnfest in Miltenberg am 16. Juli konnten drei Siege errungen werden.<\/p>\n<p>&nbsp;<\/p>\n<p>1928 erhielt das weibliche Geschlecht die Gelegenheit sich aktiv am Turnbetrieb zu beteiligen. Von Turnwart Karl Wiegand war die Gr\u00fcndung einer Damenriege angeregt worden.<\/p>\n<p>W\u00e4hrend der Jahre 1929 bis 1933 bl\u00fchte die Turnarbeit weiter auf. Man beteiligte sich immer mehr an ausw\u00e4rtigen Veranstaltungen. Auch wurde die Ausbildung der Vorturner und Kampfrichter immer professioneller betrieben.<\/p>\n<p>Ab dem Jahr 1930 trat nun auch eine Sch\u00fclerriege auf.<\/p>\n<p>&nbsp;<\/p>\n<p>Diese fruchtbare Vereinsarbeit stand im Gegensatz zu den schweren wirtschaftlichen Problemen dieser Zeit.<\/p>\n<p>Dem aufkommenden Turngedanken in Schollbrunn stellte man das zweite Reck zur Verf\u00fcgung und veranstaltete im August 1930 dort ein Schau- und Werbeturnen.<\/p>\n<p>&nbsp;<\/p>\n<p>Das Problem des fehlenden Turnsaales war gel\u00f6st, als dem Turnverein erlaubt wurde, den Saal des Haslocher Kindergartens kostenlos zu nutzen. Der Kindergarten war, in dem 1924 von Kommerzienrat Schmidt, erstellten Geb\u00e4ude untergebracht und wurde vom Turnverein bis Ende der drei\u00dfiger Jahre genutzt.<\/p>\n<p>&nbsp;<\/p>\n<p>Der Anfang 1931 gew\u00e4hlten Vorstandschaft stand Konrad Seipel vor.<\/p>\n<p>Als w\u00fcrdigen Abschlu\u00df des Vereinsjahres veranstaltete man damals schon eine Weihnachtsfeier mit turnerischen Vorf\u00fchrungen.<\/p>\n<p>&nbsp;<\/p>\n<p>Im darauffolgenden Jahr trat der Turnverein Hasloch vermehrt in die \u00d6ffentlichkeit.<\/p>\n<p>Beim Stiftungsfest am 26. Juni wurde ein Festkommers mit Turnvorf\u00fchrungen veranstaltet. Am Turnfestwettkampf beteiligten sich 130 ausw\u00e4rtige Wettk\u00e4mpfer.<\/p>\n","protected":false},"excerpt":{"rendered":"<p>&nbsp; Die Gr\u00fcndung und die ersten Jahre &nbsp; Zur Gr\u00fcndung des Turnvereines in Hasloch kam es im Winter 1903. Der Angestellte der jungen und aufstrebenden Pulverfabrik Hasloch, H u g o\u00a0 F u s s war ein Freund des Turnens. Er war es, der die Jugend des Dorfes zur Gr\u00fcndungsversammlung\u2026 <a class=\"continue-reading-link\" href=\"https:\/\/tv-hasloch.de\/?page_id=484\">Continue reading<\/a><\/p>\n","protected":false},"author":1,"featured_media":0,"parent":482,"menu_order":1,"comment_status":"closed","ping_status":"closed","template":"","meta":{"footnotes":""},"class_list":["post-484","page","type-page","status-publish","hentry"],"_links":{"self":[{"href":"https:\/\/tv-hasloch.de\/index.php?rest_route=\/wp\/v2\/pages\/484","targetHints":{"allow":["GET"]}}],"collection":[{"href":"https:\/\/tv-hasloch.de\/index.php?rest_route=\/wp\/v2\/pages"}],"about":[{"href":"https:\/\/tv-hasloch.de\/index.php?rest_route=\/wp\/v2\/types\/page"}],"author":[{"embeddable":true,"href":"https:\/\/tv-hasloch.de\/index.php?rest_route=\/wp\/v2\/users\/1"}],"replies":[{"embeddable":true,"href":"https:\/\/tv-hasloch.de\/index.php?rest_route=%2Fwp%2Fv2%2Fcomments&post=484"}],"version-history":[{"count":1,"href":"https:\/\/tv-hasloch.de\/index.php?rest_route=\/wp\/v2\/pages\/484\/revisions"}],"predecessor-version":[{"id":485,"href":"https:\/\/tv-hasloch.de\/index.php?rest_route=\/wp\/v2\/pages\/484\/revisions\/485"}],"up":[{"embeddable":true,"href":"https:\/\/tv-hasloch.de\/index.php?rest_route=\/wp\/v2\/pages\/482"}],"wp:attachment":[{"href":"https:\/\/tv-hasloch.de\/index.php?rest_route=%2Fwp%2Fv2%2Fmedia&parent=484"}],"curies":[{"name":"wp","href":"https:\/\/api.w.org\/{rel}","templated":true}]}}