{"id":253,"date":"2016-11-09T23:19:26","date_gmt":"2016-11-09T21:19:26","guid":{"rendered":"http:\/\/tv-hasloch.de\/?page_id=253"},"modified":"2018-10-21T17:52:47","modified_gmt":"2018-10-21T15:52:47","slug":"gemischte-riege","status":"publish","type":"page","link":"https:\/\/tv-hasloch.de\/?page_id=253","title":{"rendered":"Gemischte Riege"},"content":{"rendered":"<p>&nbsp;<\/p>\n<p>Die Gruppe Gemischte Riege ist f\u00fcr Turner und Turnerinnen ab 13 Jahren.<\/p>\n<p>Es ist ein Zusatztraining f\u00fcr m\u00e4nnliche und weibliche Aktive.<\/p>\n<p>&nbsp;<\/p>\n<p>Der Trainingsablauf sieht folgenderma\u00dfen aus:<\/p>\n<ul>\n<li>\n<div align=\"left\">Aufw\u00e4rmtraining (Lauftraining oder Ballspiel)<strong>\u00a0\u00a0\u00a0\u00a0\u00a0\u00a0 <\/strong><\/div>\n<\/li>\n<li>\n<div align=\"left\">Gymnastik mit Dehn,- und Spannungs\u00fcbungen<\/div>\n<\/li>\n<li>\n<div align=\"left\">Gemeinsamer Ger\u00e4teaufbau<\/div>\n<\/li>\n<li>\n<div align=\"left\">Sondertraining an 1-2 Ger\u00e4ten<\/div>\n<\/li>\n<li>\n<div align=\"left\">Ger\u00e4teabbau<\/div>\n<\/li>\n<\/ul>\n<p>&nbsp;<\/p>\n<p>Diese Gruppe verschiedene \u00f6ffentliche Auftritte:<\/p>\n<div align=\"left\"><\/div>\n<ul>\n<li>Faschingsveranstaltungen<\/li>\n<li>Benefiz Veranstaltungen<\/li>\n<li>Fahnenabordnungen<\/li>\n<\/ul>\n<p>&nbsp;<\/p>\n<p>Die Trainingszeiten in der Haseltalhalle sind:<\/p>\n<p>Freitag 16:30\u00a0 &#8211; 18:30 Uhr<\/p>\n<p>&nbsp;<\/p>\n<p><img fetchpriority=\"high\" decoding=\"async\" class=\"aligncenter wp-image-438\" src=\"http:\/\/tv-hasloch.de\/wp-content\/uploads\/2016\/11\/Gemischte-Riege-6.jpg\" width=\"550\" height=\"367\" srcset=\"https:\/\/tv-hasloch.de\/wp-content\/uploads\/2016\/11\/Gemischte-Riege-6.jpg 1920w, https:\/\/tv-hasloch.de\/wp-content\/uploads\/2016\/11\/Gemischte-Riege-6-300x200.jpg 300w, https:\/\/tv-hasloch.de\/wp-content\/uploads\/2016\/11\/Gemischte-Riege-6-768x512.jpg 768w, https:\/\/tv-hasloch.de\/wp-content\/uploads\/2016\/11\/Gemischte-Riege-6-1024x683.jpg 1024w, https:\/\/tv-hasloch.de\/wp-content\/uploads\/2016\/11\/Gemischte-Riege-6-225x150.jpg 225w, https:\/\/tv-hasloch.de\/wp-content\/uploads\/2016\/11\/Gemischte-Riege-6-150x100.jpg 150w\" sizes=\"(max-width: 550px) 100vw, 550px\" \/><\/p>\n<p>&nbsp;<\/p>\n<p><img decoding=\"async\" class=\"aligncenter wp-image-440\" src=\"http:\/\/tv-hasloch.de\/wp-content\/uploads\/2016\/11\/Gemischte-Riege-2.jpg\" width=\"550\" height=\"280\" srcset=\"https:\/\/tv-hasloch.de\/wp-content\/uploads\/2016\/11\/Gemischte-Riege-2.jpg 1920w, https:\/\/tv-hasloch.de\/wp-content\/uploads\/2016\/11\/Gemischte-Riege-2-300x153.jpg 300w, https:\/\/tv-hasloch.de\/wp-content\/uploads\/2016\/11\/Gemischte-Riege-2-768x392.jpg 768w, https:\/\/tv-hasloch.de\/wp-content\/uploads\/2016\/11\/Gemischte-Riege-2-1024x522.jpg 1024w, https:\/\/tv-hasloch.de\/wp-content\/uploads\/2016\/11\/Gemischte-Riege-2-250x127.jpg 250w, https:\/\/tv-hasloch.de\/wp-content\/uploads\/2016\/11\/Gemischte-Riege-2-150x76.jpg 150w\" sizes=\"(max-width: 550px) 100vw, 550px\" \/><\/p>\n","protected":false},"excerpt":{"rendered":"<p>&nbsp; Die Gruppe Gemischte Riege ist f\u00fcr Turner und Turnerinnen ab 13 Jahren. Es ist ein Zusatztraining f\u00fcr m\u00e4nnliche und weibliche Aktive. &nbsp; Der Trainingsablauf sieht folgenderma\u00dfen aus: Aufw\u00e4rmtraining (Lauftraining oder Ballspiel)\u00a0\u00a0\u00a0\u00a0\u00a0\u00a0 Gymnastik mit Dehn,- und Spannungs\u00fcbungen Gemeinsamer Ger\u00e4teaufbau Sondertraining an 1-2 Ger\u00e4ten Ger\u00e4teabbau &nbsp; Diese Gruppe verschiedene \u00f6ffentliche Auftritte:\u2026 <a class=\"continue-reading-link\" href=\"https:\/\/tv-hasloch.de\/?page_id=253\">Continue reading<\/a><\/p>\n","protected":false},"author":1,"featured_media":0,"parent":181,"menu_order":6,"comment_status":"closed","ping_status":"closed","template":"templates\/template-twocolumns-right.php","meta":{"footnotes":""},"class_list":["post-253","page","type-page","status-publish","hentry"],"_links":{"self":[{"href":"https:\/\/tv-hasloch.de\/index.php?rest_route=\/wp\/v2\/pages\/253","targetHints":{"allow":["GET"]}}],"collection":[{"href":"https:\/\/tv-hasloch.de\/index.php?rest_route=\/wp\/v2\/pages"}],"about":[{"href":"https:\/\/tv-hasloch.de\/index.php?rest_route=\/wp\/v2\/types\/page"}],"author":[{"embeddable":true,"href":"https:\/\/tv-hasloch.de\/index.php?rest_route=\/wp\/v2\/users\/1"}],"replies":[{"embeddable":true,"href":"https:\/\/tv-hasloch.de\/index.php?rest_route=%2Fwp%2Fv2%2Fcomments&post=253"}],"version-history":[{"count":6,"href":"https:\/\/tv-hasloch.de\/index.php?rest_route=\/wp\/v2\/pages\/253\/revisions"}],"predecessor-version":[{"id":867,"href":"https:\/\/tv-hasloch.de\/index.php?rest_route=\/wp\/v2\/pages\/253\/revisions\/867"}],"up":[{"embeddable":true,"href":"https:\/\/tv-hasloch.de\/index.php?rest_route=\/wp\/v2\/pages\/181"}],"wp:attachment":[{"href":"https:\/\/tv-hasloch.de\/index.php?rest_route=%2Fwp%2Fv2%2Fmedia&parent=253"}],"curies":[{"name":"wp","href":"https:\/\/api.w.org\/{rel}","templated":true}]}}

<p>&nbsp;</p>
<p>Die Gruppe Gemischte Riege ist für Turner und Turnerinnen ab 13 Jahren.</p>
<p>Es ist ein Zusatztraining für männliche und weibliche Aktive.</p>
<p>&nbsp;</p>
<p>Der Trainingsablauf sieht folgendermaßen aus:</p>
<ul>
<li>
<div align="left">Aufwärmtraining (Lauftraining oder Ballspiel)<strong>       </strong></div>
</li>
<li>
<div align="left">Gymnastik mit Dehn,- und Spannungsübungen</div>
</li>
<li>
<div align="left">Gemeinsamer Geräteaufbau</div>
</li>
<li>
<div align="left">Sondertraining an 1-2 Geräten</div>
</li>
<li>
<div align="left">Geräteabbau</div>
</li>
</ul>
<p>&nbsp;</p>
<p>Diese Gruppe verschiedene öffentliche Auftritte:</p>
<div align="left"></div>
<ul>
<li>Faschingsveranstaltungen</li>
<li>Benefiz Veranstaltungen</li>
<li>Fahnenabordnungen</li>
</ul>
<p>&nbsp;</p>
<p>Die Trainingszeiten in der Haseltalhalle sind:</p>
<p>Freitag 16:30  &#8211; 18:30 Uhr</p>
<p>&nbsp;</p>
<p><img fetchpriority="high" decoding="async" class="aligncenter wp-image-438" src="http://tv-hasloch.de/wp-content/uploads/2016/11/Gemischte-Riege-6.jpg" width="550" height="367" srcset="https://tv-hasloch.de/wp-content/uploads/2016/11/Gemischte-Riege-6.jpg 1920w, https://tv-hasloch.de/wp-content/uploads/2016/11/Gemischte-Riege-6-300x200.jpg 300w, https://tv-hasloch.de/wp-content/uploads/2016/11/Gemischte-Riege-6-768x512.jpg 768w, https://tv-hasloch.de/wp-content/uploads/2016/11/Gemischte-Riege-6-1024x683.jpg 1024w, https://tv-hasloch.de/wp-content/uploads/2016/11/Gemischte-Riege-6-225x150.jpg 225w, https://tv-hasloch.de/wp-content/uploads/2016/11/Gemischte-Riege-6-150x100.jpg 150w" sizes="(max-width: 550px) 100vw, 550px" /></p>
<p>&nbsp;</p>
<p><img decoding="async" class="aligncenter wp-image-440" src="http://tv-hasloch.de/wp-content/uploads/2016/11/Gemischte-Riege-2.jpg" width="550" height="280" srcset="https://tv-hasloch.de/wp-content/uploads/2016/11/Gemischte-Riege-2.jpg 1920w, https://tv-hasloch.de/wp-content/uploads/2016/11/Gemischte-Riege-2-300x153.jpg 300w, https://tv-hasloch.de/wp-content/uploads/2016/11/Gemischte-Riege-2-768x392.jpg 768w, https://tv-hasloch.de/wp-content/uploads/2016/11/Gemischte-Riege-2-1024x522.jpg 1024w, https://tv-hasloch.de/wp-content/uploads/2016/11/Gemischte-Riege-2-250x127.jpg 250w, https://tv-hasloch.de/wp-content/uploads/2016/11/Gemischte-Riege-2-150x76.jpg 150w" sizes="(max-width: 550px) 100vw, 550px" /></p>

<p>&nbsp; Die Gruppe Gemischte Riege ist für Turner und Turnerinnen ab 13 Jahren. Es ist ein Zusatztraining für männliche und weibliche Aktive. &nbsp; Der Trainingsablauf sieht folgendermaßen aus: Aufwärmtraining (Lauftraining oder Ballspiel)       Gymnastik mit Dehn,- und Spannungsübungen Gemeinsamer Geräteaufbau Sondertraining an 1-2 Geräten Geräteabbau &nbsp; Diese Gruppe verschiedene öffentliche Auftritte:… <a class="continue-reading-link" href="https://tv-hasloch.de/?page_id=253">Continue reading</a></p>
