{"id":1435,"date":"2023-04-16T11:58:11","date_gmt":"2023-04-16T10:58:11","guid":{"rendered":"https:\/\/tv-hasloch.de\/?page_id=1435"},"modified":"2023-04-16T12:00:33","modified_gmt":"2023-04-16T11:00:33","slug":"kinderturnlehrgang-in-der-haseltalhalle","status":"publish","type":"page","link":"https:\/\/tv-hasloch.de\/?page_id=1435","title":{"rendered":"Lehrgang Kinderturnen 2023"},"content":{"rendered":"\n<p><\/p>\n\n\n\n<p>Am 15.04.2023 fand ein Lehrgang f\u00fcr den Bereich Kinderturnen in der Haslocher Haseltalhalle statt. Ausrichter des Lehrgangs war der Turngau Main-Spessart. In knapp sieben Stunden vermittelte die Referentin Petra G\u00f6pfert interessierten \u00dcbungsleitern kreative Ideen zum Balancieren, Werfen, Fangen, Schwingen, H\u00fcpfen und Kriechen. Im Vordergrund war stets der Spa\u00df an der Bewegung.<\/p>\n\n\n\n<p>Nicht nur typische Turnger\u00e4te wie B\u00e4nke, K\u00e4sten und B\u00e4lle kamen zum Einsatz. Auch eher untypische Hilfsmittel wie Joghurtbecher oder W\u00e4scheklammern waren Teil des fantasievollen Bewegungsparcours.<\/p>\n\n\n\n<p>Vom TV Hasloch nahmen Monika Sch\u00fcler, Stefanie Enders und Tina Versch an dem Lehrgang teil. Sie trainieren die Kinder- und Jugendgruppen im Turnverein.<\/p>\n\n\n\n<p><\/p>\n\n\n\n<figure class=\"wp-block-image size-large\"><img fetchpriority=\"high\" decoding=\"async\" width=\"1024\" height=\"768\" src=\"https:\/\/tv-hasloch.de\/wp-content\/uploads\/2023\/04\/23.04.16-Lehrgang-Kinderturnen-1-1024x768.jpeg\" alt=\"\" class=\"wp-image-1436\" srcset=\"https:\/\/tv-hasloch.de\/wp-content\/uploads\/2023\/04\/23.04.16-Lehrgang-Kinderturnen-1-1024x768.jpeg 1024w, https:\/\/tv-hasloch.de\/wp-content\/uploads\/2023\/04\/23.04.16-Lehrgang-Kinderturnen-1-300x225.jpeg 300w, https:\/\/tv-hasloch.de\/wp-content\/uploads\/2023\/04\/23.04.16-Lehrgang-Kinderturnen-1-768x576.jpeg 768w, https:\/\/tv-hasloch.de\/wp-content\/uploads\/2023\/04\/23.04.16-Lehrgang-Kinderturnen-1-1536x1152.jpeg 1536w, https:\/\/tv-hasloch.de\/wp-content\/uploads\/2023\/04\/23.04.16-Lehrgang-Kinderturnen-1-200x150.jpeg 200w, https:\/\/tv-hasloch.de\/wp-content\/uploads\/2023\/04\/23.04.16-Lehrgang-Kinderturnen-1-150x113.jpeg 150w, https:\/\/tv-hasloch.de\/wp-content\/uploads\/2023\/04\/23.04.16-Lehrgang-Kinderturnen-1.jpeg 2048w\" sizes=\"(max-width: 1024px) 100vw, 1024px\" \/><\/figure>\n\n\n\n<figure class=\"wp-block-image size-large\"><img decoding=\"async\" width=\"1024\" height=\"768\" src=\"https:\/\/tv-hasloch.de\/wp-content\/uploads\/2023\/04\/23.04.16-Lehrgang-Kinderturnen-2-1024x768.jpeg\" alt=\"\" class=\"wp-image-1437\" srcset=\"https:\/\/tv-hasloch.de\/wp-content\/uploads\/2023\/04\/23.04.16-Lehrgang-Kinderturnen-2-1024x768.jpeg 1024w, https:\/\/tv-hasloch.de\/wp-content\/uploads\/2023\/04\/23.04.16-Lehrgang-Kinderturnen-2-300x225.jpeg 300w, https:\/\/tv-hasloch.de\/wp-content\/uploads\/2023\/04\/23.04.16-Lehrgang-Kinderturnen-2-768x576.jpeg 768w, https:\/\/tv-hasloch.de\/wp-content\/uploads\/2023\/04\/23.04.16-Lehrgang-Kinderturnen-2-1536x1152.jpeg 1536w, https:\/\/tv-hasloch.de\/wp-content\/uploads\/2023\/04\/23.04.16-Lehrgang-Kinderturnen-2-200x150.jpeg 200w, https:\/\/tv-hasloch.de\/wp-content\/uploads\/2023\/04\/23.04.16-Lehrgang-Kinderturnen-2-150x113.jpeg 150w, https:\/\/tv-hasloch.de\/wp-content\/uploads\/2023\/04\/23.04.16-Lehrgang-Kinderturnen-2.jpeg 2048w\" sizes=\"(max-width: 1024px) 100vw, 1024px\" \/><\/figure>\n\n\n\n<figure class=\"wp-block-image size-large\"><img decoding=\"async\" width=\"1024\" height=\"768\" src=\"https:\/\/tv-hasloch.de\/wp-content\/uploads\/2023\/04\/23.04.16-Lehrgang-Kinderturnen-3-1024x768.jpeg\" alt=\"\" class=\"wp-image-1438\" srcset=\"https:\/\/tv-hasloch.de\/wp-content\/uploads\/2023\/04\/23.04.16-Lehrgang-Kinderturnen-3-1024x768.jpeg 1024w, https:\/\/tv-hasloch.de\/wp-content\/uploads\/2023\/04\/23.04.16-Lehrgang-Kinderturnen-3-300x225.jpeg 300w, https:\/\/tv-hasloch.de\/wp-content\/uploads\/2023\/04\/23.04.16-Lehrgang-Kinderturnen-3-768x576.jpeg 768w, https:\/\/tv-hasloch.de\/wp-content\/uploads\/2023\/04\/23.04.16-Lehrgang-Kinderturnen-3-1536x1152.jpeg 1536w, https:\/\/tv-hasloch.de\/wp-content\/uploads\/2023\/04\/23.04.16-Lehrgang-Kinderturnen-3-200x150.jpeg 200w, https:\/\/tv-hasloch.de\/wp-content\/uploads\/2023\/04\/23.04.16-Lehrgang-Kinderturnen-3-150x113.jpeg 150w, https:\/\/tv-hasloch.de\/wp-content\/uploads\/2023\/04\/23.04.16-Lehrgang-Kinderturnen-3.jpeg 2048w\" sizes=\"(max-width: 1024px) 100vw, 1024px\" \/><\/figure>\n","protected":false},"excerpt":{"rendered":"<p>Am 15.04.2023 fand ein Lehrgang f\u00fcr den Bereich Kinderturnen in der Haslocher Haseltalhalle statt. Ausrichter des Lehrgangs war der Turngau Main-Spessart. In knapp sieben Stunden vermittelte die Referentin Petra G\u00f6pfert interessierten \u00dcbungsleitern kreative Ideen zum Balancieren, Werfen, Fangen, Schwingen, H\u00fcpfen und Kriechen. Im Vordergrund war stets der Spa\u00df an der\u2026 <a class=\"continue-reading-link\" href=\"https:\/\/tv-hasloch.de\/?page_id=1435\">Continue reading<\/a><\/p>\n","protected":false},"author":1,"featured_media":0,"parent":32,"menu_order":27,"comment_status":"closed","ping_status":"closed","template":"","meta":{"footnotes":""},"class_list":["post-1435","page","type-page","status-publish","hentry"],"_links":{"self":[{"href":"https:\/\/tv-hasloch.de\/index.php?rest_route=\/wp\/v2\/pages\/1435","targetHints":{"allow":["GET"]}}],"collection":[{"href":"https:\/\/tv-hasloch.de\/index.php?rest_route=\/wp\/v2\/pages"}],"about":[{"href":"https:\/\/tv-hasloch.de\/index.php?rest_route=\/wp\/v2\/types\/page"}],"author":[{"embeddable":true,"href":"https:\/\/tv-hasloch.de\/index.php?rest_route=\/wp\/v2\/users\/1"}],"replies":[{"embeddable":true,"href":"https:\/\/tv-hasloch.de\/index.php?rest_route=%2Fwp%2Fv2%2Fcomments&post=1435"}],"version-history":[{"count":3,"href":"https:\/\/tv-hasloch.de\/index.php?rest_route=\/wp\/v2\/pages\/1435\/revisions"}],"predecessor-version":[{"id":1442,"href":"https:\/\/tv-hasloch.de\/index.php?rest_route=\/wp\/v2\/pages\/1435\/revisions\/1442"}],"up":[{"embeddable":true,"href":"https:\/\/tv-hasloch.de\/index.php?rest_route=\/wp\/v2\/pages\/32"}],"wp:attachment":[{"href":"https:\/\/tv-hasloch.de\/index.php?rest_route=%2Fwp%2Fv2%2Fmedia&parent=1435"}],"curies":[{"name":"wp","href":"https:\/\/api.w.org\/{rel}","templated":true}]}}