{"id":1334,"date":"2022-07-18T07:48:12","date_gmt":"2022-07-18T06:48:12","guid":{"rendered":"https:\/\/tv-hasloch.de\/?page_id=1334"},"modified":"2022-07-18T07:55:39","modified_gmt":"2022-07-18T06:55:39","slug":"sommerfest-2021","status":"publish","type":"page","link":"https:\/\/tv-hasloch.de\/?page_id=1334","title":{"rendered":"Sommerfest 2022"},"content":{"rendered":"\n<p>Nach langer Pause und zum ersten Mal seit Ausbruch der Corona Pandemie fand am 09. + 10.Juli 2022 das Sommerfest des TVH statt. Es war die erste gro\u00dfe Veranstaltung f\u00fcr die im M\u00e4rz 2022 neu gew\u00e4hlte Vorstandschaft um Simone Patzelt (Vorstand Wirtschaftsausschuss), J\u00fcrgen Dosch (Vorstand Sport), Bernd Koch (Vorstand Verwaltung) und Robin Hirsch (Vorstand \u00d6ffentlichkeit).<\/p>\n\n\n\n<p>Los ging es am Samstag mit den Vereinsmeisterschaften im Ger\u00e4teturnen. Hier traten insgesamt 33 Jungen und M\u00e4dchen in f\u00fcnf Altersklassen an. Die Altersspanne ging dabei von 6 bis 48 Jahren. F\u00fcr die meisten j\u00fcngeren Teilnehmer war es der erste Wettkampf. Auch die Eltern waren gespannt, was sie zu sehen bekommen werden, da durch die Pandemieauflagen nur die Sportler w\u00e4hrend den Trainingszeiten in die Sporthallte durften.<\/p>\n\n\n\n<p>Bei den m\u00e4nnlichen Teilnehmern wurde Henri Rauch erster in der Altersklasse F (5-7 Jahre). Fridolin Linke ging als Sieger der Altersklasse E (8-9 Jahre) hervor, Mailo Keller gewann den Pokal in der Altersklasse D (10-11 Jahre) und Luca Saalm\u00fcller siegte in der Altersklasse C (12-13 Jahre). Bei den Jugendturnern (14-17 Jahre) gewann Jonas Roos. Robin Hirsch war bester Turner in der Altersklasse Aktive (18+ Jahre). In der neu gegr\u00fcndeten Altersklasse \u00dc40 holte Bernd Koch einen knappen Sieg gegen Michael Bannwarth.<\/p>\n\n\n\n<p>Die Turnerin Lisa Franz gewann der Pokal in der Altersklasse E (8-9 Jahre) weiblich. Lina Koch siegte in der Altersklasse D (10-11 Jahre) und Lia Zippe war Beste in der Altersklasse C (12-13 Jahre). Anna Sacher wurde als Beste Jugendturnerin ausgezeichnet und gewann zus\u00e4tzlich den Karl-Wiegand-Ged\u00e4chtnispokal. Diese Ehrung wird im j\u00e4hrlichen Wechsel an die beste Turnerin oder den besten Turner aus der Altersklasse AB (14-17 Jahre) erteilt. Beste Turnerin bei den Aktiven war Patricia Trabold.<\/p>\n\n\n<div class=\"wp-block-image\">\n<figure class=\"aligncenter size-large is-resized\"><img fetchpriority=\"high\" decoding=\"async\" src=\"https:\/\/tv-hasloch.de\/wp-content\/uploads\/2022\/07\/2022_Sommerfest-1024x683.jpg\" alt=\"\" class=\"wp-image-1338\" width=\"512\" height=\"342\" srcset=\"https:\/\/tv-hasloch.de\/wp-content\/uploads\/2022\/07\/2022_Sommerfest-1024x683.jpg 1024w, https:\/\/tv-hasloch.de\/wp-content\/uploads\/2022\/07\/2022_Sommerfest-300x200.jpg 300w, https:\/\/tv-hasloch.de\/wp-content\/uploads\/2022\/07\/2022_Sommerfest-768x512.jpg 768w, https:\/\/tv-hasloch.de\/wp-content\/uploads\/2022\/07\/2022_Sommerfest-1536x1024.jpg 1536w, https:\/\/tv-hasloch.de\/wp-content\/uploads\/2022\/07\/2022_Sommerfest-225x150.jpg 225w, https:\/\/tv-hasloch.de\/wp-content\/uploads\/2022\/07\/2022_Sommerfest-150x100.jpg 150w, https:\/\/tv-hasloch.de\/wp-content\/uploads\/2022\/07\/2022_Sommerfest.jpg 1920w\" sizes=\"(max-width: 512px) 100vw, 512px\" \/><\/figure>\n<\/div>\n\n\n<p>Die Abteilung Volleyball veranstaltete ein Spikeball Turnier. Hierbei stehen vier Spieler um ein rundes Netz am Boden und versuchen in Zweierteams den Ball so zu spielen, dass die gegnerische Mannschaft ihn nicht zur\u00fcckschlagen kann. Insgesamt nahmen sechs Mannschaften am Turnier teil. Als Gewinnerteam ging am Ende Felix Herbert und Johann Nittner hervor. Parallel zu den beiden Turnieren bot der Sportverein ein Schnuppertennis auf dem angrenzenden Tennisplatz an.<\/p>\n\n\n\n<p>Auch nach den Siegerehrungen gab es viele Gr\u00fcnde auf dem Fest zu bleiben. Der Wirtschaftsausschuss sorgte mit seinen Helfern fortw\u00e4hrend f\u00fcr das leibliche Wohl und auf dem Gel\u00e4nde der katholischen Kirche wurden Slacklines f\u00fcr alle Altersgruppen aufgebaut.<\/p>\n\n\n\n<p>Am Abend sorgte die Band \u201eBill and the Pr\u00e4cticants\u201c mit ihrer Live-Musik f\u00fcr eine gro\u00dfartige Stimmung. Selbst ein pl\u00f6tzlicher Regenschauer konnte die gute Stimmung nicht tr\u00fcben und die Band spielte bis weit nach Mitternacht vor begeistertem Publikum.<\/p>\n\n\n<div class=\"wp-block-image\">\n<figure class=\"aligncenter size-large is-resized\"><img decoding=\"async\" src=\"https:\/\/tv-hasloch.de\/wp-content\/uploads\/2022\/07\/2022_Sommerfest-3-1024x768.jpg\" alt=\"\" class=\"wp-image-1340\" width=\"512\" height=\"384\" srcset=\"https:\/\/tv-hasloch.de\/wp-content\/uploads\/2022\/07\/2022_Sommerfest-3-1024x768.jpg 1024w, https:\/\/tv-hasloch.de\/wp-content\/uploads\/2022\/07\/2022_Sommerfest-3-300x225.jpg 300w, https:\/\/tv-hasloch.de\/wp-content\/uploads\/2022\/07\/2022_Sommerfest-3-768x576.jpg 768w, https:\/\/tv-hasloch.de\/wp-content\/uploads\/2022\/07\/2022_Sommerfest-3-1536x1152.jpg 1536w, https:\/\/tv-hasloch.de\/wp-content\/uploads\/2022\/07\/2022_Sommerfest-3-200x150.jpg 200w, https:\/\/tv-hasloch.de\/wp-content\/uploads\/2022\/07\/2022_Sommerfest-3-150x113.jpg 150w, https:\/\/tv-hasloch.de\/wp-content\/uploads\/2022\/07\/2022_Sommerfest-3.jpg 1920w\" sizes=\"(max-width: 512px) 100vw, 512px\" \/><\/figure>\n<\/div>\n\n\n<p>Der Sonntag startete gegen 14:00 Uhr mit verschiedenen Auftritten der Turn- und Tanzgruppen, die wegen des sch\u00f6nen Wetters im Freien stattfinden konnten. Den Beginn machte das Eltern- und Kind Turnen an einem aufgebauten Hindernisparcours. Im Anschluss begeisterten die kleinen M\u00e4dchen und Buben das Publikum mit Balancier\u00fcbungen auf einer Langbank. Die Nachwuchstruppe Ger\u00e4teturnen pr\u00e4sentierte eine Vorf\u00fchrung an Kasten und Langbank, bevor die Tanzeinlage der Zumba Gruppe dem Publikum richtig einheizte. Vorletzter Programmpunkt war die M\u00e4dchen-Breitensportgruppe mit verschiedenen Spr\u00fcngen am Trampolin. Den Abschluss bildete die Gemischte Riege der Leistungsturner, die eine eindrucksvolle Turnshow mit vielen akrobatischen Spr\u00fcngen, und Hebe\u00fcbungen am Boden zeigten.<\/p>\n\n\n\n<p>Auch nach den vielen Auff\u00fchrungen war das offizielle Programm nicht beendet. Wie jedes Jahr wurden noch die sehr beliebten Wettbewerbe im Steinsto\u00dfen und Schleuderball auf dem Sportplatzgel\u00e4nde durchgef\u00fchrt. Am sp\u00e4ten Nachmittag endete das Sommerfest mit der finalen Siegerehrung und fand einen gem\u00fctlichen Ausklang.<\/p>\n","protected":false},"excerpt":{"rendered":"<p>Nach langer Pause und zum ersten Mal seit Ausbruch der Corona Pandemie fand am 09. + 10.Juli 2022 das Sommerfest des TVH statt. Es war die erste gro\u00dfe Veranstaltung f\u00fcr die im M\u00e4rz 2022 neu gew\u00e4hlte Vorstandschaft um Simone Patzelt (Vorstand Wirtschaftsausschuss), J\u00fcrgen Dosch (Vorstand Sport), Bernd Koch (Vorstand Verwaltung)\u2026 <a class=\"continue-reading-link\" href=\"https:\/\/tv-hasloch.de\/?page_id=1334\">Continue reading<\/a><\/p>\n","protected":false},"author":1,"featured_media":0,"parent":32,"menu_order":24,"comment_status":"closed","ping_status":"closed","template":"","meta":{"footnotes":""},"class_list":["post-1334","page","type-page","status-publish","hentry"],"_links":{"self":[{"href":"https:\/\/tv-hasloch.de\/index.php?rest_route=\/wp\/v2\/pages\/1334","targetHints":{"allow":["GET"]}}],"collection":[{"href":"https:\/\/tv-hasloch.de\/index.php?rest_route=\/wp\/v2\/pages"}],"about":[{"href":"https:\/\/tv-hasloch.de\/index.php?rest_route=\/wp\/v2\/types\/page"}],"author":[{"embeddable":true,"href":"https:\/\/tv-hasloch.de\/index.php?rest_route=\/wp\/v2\/users\/1"}],"replies":[{"embeddable":true,"href":"https:\/\/tv-hasloch.de\/index.php?rest_route=%2Fwp%2Fv2%2Fcomments&post=1334"}],"version-history":[{"count":4,"href":"https:\/\/tv-hasloch.de\/index.php?rest_route=\/wp\/v2\/pages\/1334\/revisions"}],"predecessor-version":[{"id":1342,"href":"https:\/\/tv-hasloch.de\/index.php?rest_route=\/wp\/v2\/pages\/1334\/revisions\/1342"}],"up":[{"embeddable":true,"href":"https:\/\/tv-hasloch.de\/index.php?rest_route=\/wp\/v2\/pages\/32"}],"wp:attachment":[{"href":"https:\/\/tv-hasloch.de\/index.php?rest_route=%2Fwp%2Fv2%2Fmedia&parent=1334"}],"curies":[{"name":"wp","href":"https:\/\/api.w.org\/{rel}","templated":true}]}}