{"id":1267,"date":"2021-10-10T16:07:36","date_gmt":"2021-10-10T15:07:36","guid":{"rendered":"https:\/\/tv-hasloch.de\/?page_id=1267"},"modified":"2021-10-10T16:14:29","modified_gmt":"2021-10-10T15:14:29","slug":"uebungsleiterausbildung-2021","status":"publish","type":"page","link":"https:\/\/tv-hasloch.de\/?page_id=1267","title":{"rendered":"\u00dcbungsleiterausbildung 2021"},"content":{"rendered":"\n<p><strong>BTV-\u00dcbungsleiter Ausbildung bestanden<\/strong><\/p>\n\n\n\n<p><strong>Bayerischer Turnverband: 19 Teilnehmer bei Ausbildung zum Trainer C Fitness und Gesundheit in Karlstein<\/strong><\/p>\n\n\n\n<p>Der Turngau Main-Spessart f\u00fchrte 2020 zun\u00e4chst ein 3-t\u00e4giges Basismodul und nach coronabedingter Unterbrechung im Sommer 2021 das Aufbaumodul zum Trainer C Fitness und Gesundheit in der Lindighalle in Karlstein durch. An 10 Lehrgangstagen wurden die Teilnehmer von unserem Referenten-Team Daniela Ludwig, Petra G\u00f6pfert, Dr. Christine Noe, Yvonne Gilmer und J\u00fcrgen Dosch geschult in den Themenbereichen Krafttraining, Ausdauer, Beweglichkeit, den neuesten Trends der Fitness-Szene, Warm up und Cool down, Fitnesstraining mit Musik sowie den medizinischen Grundlagen eines gesundheitsorientierten Trainings. Au\u00dferdem wurde theoretisches Hintergrundwissen zur Planung und zum Aufbau einer Unterrichtsstunde vermittelt.<\/p>\n\n\n\n<p>Am 25.\/26.09.21 legten alle Teilnehmer ihre Pr\u00fcfung ab und die Vereine TV Dettingen, TV Elsava Elsenfeld, TV Hasloch, TV Hofstetten, TSV Keilberg, TV Kleinheubach, TV Klingenberg, TV Michelbach, TV Wasserlos, SpVgg Westerngrund&nbsp; k\u00f6nnen sich mit ihren frisch gebackenen \u00dcbungsleiter freuen.<\/p>\n\n\n\n<p>Es gratulieren recht herzlich vom Turngau Main-Spessart J\u00fcrgen Dosch, Gauvorsitzender Breitensport, Gertrud Lang, Gauvorsitzende Bildungsma\u00dfnahmen, Elke Lappert, Gesch\u00e4ftsstelle Turngau Main-Spessart.<\/p>\n\n\n\n<p>&nbsp;&nbsp;&nbsp;&nbsp;&nbsp;&nbsp;&nbsp;&nbsp;&nbsp;&nbsp;&nbsp;&nbsp;&nbsp;&nbsp;&nbsp;&nbsp;&nbsp;&nbsp;&nbsp;&nbsp;&nbsp;&nbsp;&nbsp;&nbsp;&nbsp;&nbsp;&nbsp;&nbsp;&nbsp;&nbsp;&nbsp;&nbsp;&nbsp;&nbsp;&nbsp;&nbsp;&nbsp;&nbsp;&nbsp;&nbsp;&nbsp;&nbsp;&nbsp;&nbsp;&nbsp;&nbsp;&nbsp;&nbsp;&nbsp;&nbsp;&nbsp;&nbsp;&nbsp;&nbsp;&nbsp;&nbsp;&nbsp;&nbsp;&nbsp;&nbsp;&nbsp;&nbsp;&nbsp;&nbsp;&nbsp;&nbsp;&nbsp;&nbsp;&nbsp;&nbsp;&nbsp;&nbsp;&nbsp;&nbsp;&nbsp;&nbsp;&nbsp;&nbsp;&nbsp;&nbsp;&nbsp;&nbsp;&nbsp;&nbsp;&nbsp;&nbsp;&nbsp;&nbsp;&nbsp;&nbsp;&nbsp;&nbsp;&nbsp;&nbsp;&nbsp;&nbsp;&nbsp;&nbsp;&nbsp;&nbsp;&nbsp;&nbsp;&nbsp;&nbsp;&nbsp;&nbsp;&nbsp;&nbsp;&nbsp;&nbsp;&nbsp;&nbsp;&nbsp;&nbsp;&nbsp;&nbsp;&nbsp; Elke Lappert<\/p>\n\n\n\n<figure class=\"wp-block-image size-large\"><img fetchpriority=\"high\" decoding=\"async\" width=\"1024\" height=\"576\" src=\"https:\/\/tv-hasloch.de\/wp-content\/uploads\/2021\/10\/TG-Main-Spessart-UeL-Lehrgang_klein-1024x576.jpg\" alt=\"\" class=\"wp-image-1268\" srcset=\"https:\/\/tv-hasloch.de\/wp-content\/uploads\/2021\/10\/TG-Main-Spessart-UeL-Lehrgang_klein-1024x576.jpg 1024w, https:\/\/tv-hasloch.de\/wp-content\/uploads\/2021\/10\/TG-Main-Spessart-UeL-Lehrgang_klein-300x169.jpg 300w, https:\/\/tv-hasloch.de\/wp-content\/uploads\/2021\/10\/TG-Main-Spessart-UeL-Lehrgang_klein-768x432.jpg 768w, https:\/\/tv-hasloch.de\/wp-content\/uploads\/2021\/10\/TG-Main-Spessart-UeL-Lehrgang_klein-1536x864.jpg 1536w, https:\/\/tv-hasloch.de\/wp-content\/uploads\/2021\/10\/TG-Main-Spessart-UeL-Lehrgang_klein-250x141.jpg 250w, https:\/\/tv-hasloch.de\/wp-content\/uploads\/2021\/10\/TG-Main-Spessart-UeL-Lehrgang_klein-150x84.jpg 150w, https:\/\/tv-hasloch.de\/wp-content\/uploads\/2021\/10\/TG-Main-Spessart-UeL-Lehrgang_klein.jpg 1920w\" sizes=\"(max-width: 1024px) 100vw, 1024px\" \/><\/figure>\n\n\n\n<p>Die neuen \u00dcbungsleiter mit der Vorstandschaft des Turngau Main-Spessart sowie der Referentin Daniela Ludwig (rechts im Bild)<\/p>\n\n\n\n<p><\/p>\n\n\n\n<p>Der Link zum Main Echo Bericht:<\/p>\n\n\n\n<p><a href=\"https:\/\/www.main-echo.de\/unser-echo\/gruppen\/Bayerischer-Turnverband;verein0,5911,B::btv-uebungsleiter-ausbildung-bestanden-art-7385699\">https:\/\/www.main-echo.de\/unser-echo\/gruppen\/Bayerischer-Turnverband;verein0,5911,B::btv-uebungsleiter-ausbildung-bestanden-art-7385699<\/a><\/p>\n\n\n\n<p><\/p>\n","protected":false},"excerpt":{"rendered":"<p>BTV-\u00dcbungsleiter Ausbildung bestanden Bayerischer Turnverband: 19 Teilnehmer bei Ausbildung zum Trainer C Fitness und Gesundheit in Karlstein Der Turngau Main-Spessart f\u00fchrte 2020 zun\u00e4chst ein 3-t\u00e4giges Basismodul und nach coronabedingter Unterbrechung im Sommer 2021 das Aufbaumodul zum Trainer C Fitness und Gesundheit in der Lindighalle in Karlstein durch. An 10 Lehrgangstagen\u2026 <a class=\"continue-reading-link\" href=\"https:\/\/tv-hasloch.de\/?page_id=1267\">Continue reading<\/a><\/p>\n","protected":false},"author":1,"featured_media":0,"parent":32,"menu_order":23,"comment_status":"closed","ping_status":"closed","template":"","meta":{"footnotes":""},"class_list":["post-1267","page","type-page","status-publish","hentry"],"_links":{"self":[{"href":"https:\/\/tv-hasloch.de\/index.php?rest_route=\/wp\/v2\/pages\/1267","targetHints":{"allow":["GET"]}}],"collection":[{"href":"https:\/\/tv-hasloch.de\/index.php?rest_route=\/wp\/v2\/pages"}],"about":[{"href":"https:\/\/tv-hasloch.de\/index.php?rest_route=\/wp\/v2\/types\/page"}],"author":[{"embeddable":true,"href":"https:\/\/tv-hasloch.de\/index.php?rest_route=\/wp\/v2\/users\/1"}],"replies":[{"embeddable":true,"href":"https:\/\/tv-hasloch.de\/index.php?rest_route=%2Fwp%2Fv2%2Fcomments&post=1267"}],"version-history":[{"count":4,"href":"https:\/\/tv-hasloch.de\/index.php?rest_route=\/wp\/v2\/pages\/1267\/revisions"}],"predecessor-version":[{"id":1272,"href":"https:\/\/tv-hasloch.de\/index.php?rest_route=\/wp\/v2\/pages\/1267\/revisions\/1272"}],"up":[{"embeddable":true,"href":"https:\/\/tv-hasloch.de\/index.php?rest_route=\/wp\/v2\/pages\/32"}],"wp:attachment":[{"href":"https:\/\/tv-hasloch.de\/index.php?rest_route=%2Fwp%2Fv2%2Fmedia&parent=1267"}],"curies":[{"name":"wp","href":"https:\/\/api.w.org\/{rel}","templated":true}]}}

Übungsleiterausbildung 2021

<p><strong>BTV-Übungsleiter Ausbildung bestanden</strong></p>



<p><strong>Bayerischer Turnverband: 19 Teilnehmer bei Ausbildung zum Trainer C Fitness und Gesundheit in Karlstein</strong></p>



<p>Der Turngau Main-Spessart führte 2020 zunächst ein 3-tägiges Basismodul und nach coronabedingter Unterbrechung im Sommer 2021 das Aufbaumodul zum Trainer C Fitness und Gesundheit in der Lindighalle in Karlstein durch. An 10 Lehrgangstagen wurden die Teilnehmer von unserem Referenten-Team Daniela Ludwig, Petra Göpfert, Dr. Christine Noe, Yvonne Gilmer und Jürgen Dosch geschult in den Themenbereichen Krafttraining, Ausdauer, Beweglichkeit, den neuesten Trends der Fitness-Szene, Warm up und Cool down, Fitnesstraining mit Musik sowie den medizinischen Grundlagen eines gesundheitsorientierten Trainings. Außerdem wurde theoretisches Hintergrundwissen zur Planung und zum Aufbau einer Unterrichtsstunde vermittelt.</p>



<p>Am 25./26.09.21 legten alle Teilnehmer ihre Prüfung ab und die Vereine TV Dettingen, TV Elsava Elsenfeld, TV Hasloch, TV Hofstetten, TSV Keilberg, TV Kleinheubach, TV Klingenberg, TV Michelbach, TV Wasserlos, SpVgg Westerngrund&nbsp; können sich mit ihren frisch gebackenen Übungsleiter freuen.</p>



<p>Es gratulieren recht herzlich vom Turngau Main-Spessart Jürgen Dosch, Gauvorsitzender Breitensport, Gertrud Lang, Gauvorsitzende Bildungsmaßnahmen, Elke Lappert, Geschäftsstelle Turngau Main-Spessart.</p>



<p>&nbsp;&nbsp;&nbsp;&nbsp;&nbsp;&nbsp;&nbsp;&nbsp;&nbsp;&nbsp;&nbsp;&nbsp;&nbsp;&nbsp;&nbsp;&nbsp;&nbsp;&nbsp;&nbsp;&nbsp;&nbsp;&nbsp;&nbsp;&nbsp;&nbsp;&nbsp;&nbsp;&nbsp;&nbsp;&nbsp;&nbsp;&nbsp;&nbsp;&nbsp;&nbsp;&nbsp;&nbsp;&nbsp;&nbsp;&nbsp;&nbsp;&nbsp;&nbsp;&nbsp;&nbsp;&nbsp;&nbsp;&nbsp;&nbsp;&nbsp;&nbsp;&nbsp;&nbsp;&nbsp;&nbsp;&nbsp;&nbsp;&nbsp;&nbsp;&nbsp;&nbsp;&nbsp;&nbsp;&nbsp;&nbsp;&nbsp;&nbsp;&nbsp;&nbsp;&nbsp;&nbsp;&nbsp;&nbsp;&nbsp;&nbsp;&nbsp;&nbsp;&nbsp;&nbsp;&nbsp;&nbsp;&nbsp;&nbsp;&nbsp;&nbsp;&nbsp;&nbsp;&nbsp;&nbsp;&nbsp;&nbsp;&nbsp;&nbsp;&nbsp;&nbsp;&nbsp;&nbsp;&nbsp;&nbsp;&nbsp;&nbsp;&nbsp;&nbsp;&nbsp;&nbsp;&nbsp;&nbsp;&nbsp;&nbsp;&nbsp;&nbsp;&nbsp;&nbsp;&nbsp;&nbsp;&nbsp;&nbsp; Elke Lappert</p>



<figure class="wp-block-image size-large"><img fetchpriority="high" decoding="async" width="1024" height="576" src="https://tv-hasloch.de/wp-content/uploads/2021/10/TG-Main-Spessart-UeL-Lehrgang_klein-1024x576.jpg" alt="" class="wp-image-1268" srcset="https://tv-hasloch.de/wp-content/uploads/2021/10/TG-Main-Spessart-UeL-Lehrgang_klein-1024x576.jpg 1024w, https://tv-hasloch.de/wp-content/uploads/2021/10/TG-Main-Spessart-UeL-Lehrgang_klein-300x169.jpg 300w, https://tv-hasloch.de/wp-content/uploads/2021/10/TG-Main-Spessart-UeL-Lehrgang_klein-768x432.jpg 768w, https://tv-hasloch.de/wp-content/uploads/2021/10/TG-Main-Spessart-UeL-Lehrgang_klein-1536x864.jpg 1536w, https://tv-hasloch.de/wp-content/uploads/2021/10/TG-Main-Spessart-UeL-Lehrgang_klein-250x141.jpg 250w, https://tv-hasloch.de/wp-content/uploads/2021/10/TG-Main-Spessart-UeL-Lehrgang_klein-150x84.jpg 150w, https://tv-hasloch.de/wp-content/uploads/2021/10/TG-Main-Spessart-UeL-Lehrgang_klein.jpg 1920w" sizes="(max-width: 1024px) 100vw, 1024px" /></figure>



<p>Die neuen Übungsleiter mit der Vorstandschaft des Turngau Main-Spessart sowie der Referentin Daniela Ludwig (rechts im Bild)</p>



<p></p>



<p>Der Link zum Main Echo Bericht:</p>



<p><a href="https://www.main-echo.de/unser-echo/gruppen/Bayerischer-Turnverband;verein0,5911,B::btv-uebungsleiter-ausbildung-bestanden-art-7385699">https://www.main-echo.de/unser-echo/gruppen/Bayerischer-Turnverband;verein0,5911,B::btv-uebungsleiter-ausbildung-bestanden-art-7385699</a></p>



<p></p>

<p>BTV-Übungsleiter Ausbildung bestanden Bayerischer Turnverband: 19 Teilnehmer bei Ausbildung zum Trainer C Fitness und Gesundheit in Karlstein Der Turngau Main-Spessart führte 2020 zunächst ein 3-tägiges Basismodul und nach coronabedingter Unterbrechung im Sommer 2021 das Aufbaumodul zum Trainer C Fitness und Gesundheit in der Lindighalle in Karlstein durch. An 10 Lehrgangstagen… <a class="continue-reading-link" href="https://tv-hasloch.de/?page_id=1267">Continue reading</a></p>
